 4))).
-3
What is the value of (2 - 3) + -4 - (-1 - 0)?
-4
What is the value of 0 - ((2 + 4 - 3) + 1)?
-4
1 + 10 + 124 + -127
8
Evaluate 7 - 0 - (29 + 11 + -35).
2
Evaluate -7 + 4 - (-10 - -4 - 5).
8
What is the value of (8 - 0) + -10 + 0?
-2
-3 - -1 - 2 - -2
-2
(4 - 4) + -3 + (-1 - -8)
4
Evaluate (-4 - -9) + -9 + 7.
3
What is (14 - -2) + 9 + -13 + -8?
4
Calculate (-2 - -2) + -9 + 4.
-5
Evaluate 1 + 0 + (-63 - -69).
7
What is -4 + (8 - 5 - -1)?
0
Evaluate 4 - (0 + 3) - 0.
1
Evaluate 6 - (3 - (4 - 9)).
-2
Calculate -7 + 11 - (-2 + 3).
3
What is -6 - (6 + 7 + -19)?
0
Calculate 10 + (1 - 3) + (-4 - 0).
4
Evaluate (2 - -2) + (0 - 0) + -3.
1
2 - -2 - (-23 + 25)
2
Calculate 1 + -9 - (12 - 25).
5
Calculate (2 - -1) + 7 + -1.
9
6 - (6 + 1 + 0)
-1
What is 7 - (10 - (3 + -2))?
-2
9 + -14 + -5 + 7
-3
What is -6 + 0 + (7 - -5)?
6
(4 - (1 + 3)) + -9 - -4
-5
Calculate -2 + (-14 + 7 - -3) + -1.
-7
(83 - 89) + (6 - -1)
1
What is the value of (12 + -7 - 6) + (-2 - 3)?
-6
-40 - -37 - (-7 + 2 + 0)
2
2 + (2 + (1 - 0) - 7)
-2
Calculate -5 + 4 + 2 - (-1 - 3).
5
Calculate 3 - (2 + 2 + 0) - -1.
0
Calculate -6 + (7 - 11) - -15.
5
What is 3 - (5 + -2 - (2 - 3))?
-1
What is the value of 4 + (1 - (8 + -4)) - 0?
1
6 + 22 + -20 + 0 + -7
1
What is 4 + (3 - (0 - -1)) - 4?
2
(-7 - (1 - 0)) + 0 + 3
-5
What is the value of -18 + (-10 - -36) - (1 - 1)?
8
What is -26 + 22 + (0 - (-8 - -3))?
1
Evaluate 1 - 5 - (-11 - -3 - -5).
-1
Evaluate -18 - -10 - (-7 + 4).
-5
Evaluate 0 + -1 + 4 - 4.
-1
What is the value of (3 - (-5 - -2)) + -8?
-2
-3 - (-20 + 6 + 4)
7
(2 - (8 + -3)) + (-5 - -5)
-3
Calculate (-8 - ((-4 - -1) + -1)) + -1.
-5
-11 - (9 - (3 - -9))
-8
What is (-1 - -9) + (2 - 13)?
-3
8 + (-9 + 4 + 3 - 1)
5
What is the value of 1 + 1 - (1 - -1)?
0
What is (0 - -2) + 22 + -23?
1
Calculate -6 + (6 - (-1 - 3)).
4
What is (4 + 0 - -1) + -5 + -4?
-4
What is -5 - (-6 + (4 - 6))?
3
Evaluate -11 + 13 - (1 - 6).
7
Evaluate -5 - (-19 - (6 - 12)).
8
What is 10 - (1 - (6 - 12 - -1))?
4
-6 - (27 + -35 - (1 - 2))
1
4 + -6 + 3 + -4 - -4
1
Evaluate (-5 - (0 + -3)) + (-2 - 0).
-4
Evaluate -10 + 10 + -6 - -7.
1
What is -1 + 7 + (10 - (19 - 6))?
3
Calculate -12 - ((-3 - -8) + -1 + -9).
-7
0 + -4 + -1 - (-13 - -8)
0
What is the value of (8 + 4 - 4) + 1 + -4?
5
What is the value of 4 + -6 - (3 - 4) - -4?
3
(2 - -1) + (3 + -9 - -10)
7
Calculate (19 - 9 - 9) + (2 - 7).
-4
Calculate (-16 - -17) + -7 + 6.
0
Evaluate -4 + (-7 + 3 - -5 - 4).
-7
What is 3 - (4 + (-8 - -3) + 3)?
1
Calculate -2 - (16 - 8) - -5.
-5
Evaluate 3 - -1 - 2 - (2 - -2).
-2
0 + 0 + 0 + (12 - 17)
-5
Calculate 0 - -2 - (2 - 3).
3
What is 4 + -8 + 8 + -3 - -2?
3
Evaluate (-5 - (8 - 1) - -7) + 3.
-2
What is the value of -2 - (2 + -3 - (1 - 1))?
-1
What is the value of -9 - -10 - (0 - -1)?
0
Calculate (-14 - (-8 + 4)) + 7.
-3
What is the value of -61 + 57 - (-3 - -1) - -5?
3
Evaluate -1 - (0 + -3) - (10 + -5).
-3
Calculate -3 + -1 + 4 - -5.
5
What is 0 + 1 - (-3 + (-2 - -11))?
-5
-1 + 0 + 3 - (-1 + -1)
4
What is -3 - (-4 + -1) - (1 - 3)?
4
Evaluate -1 - (4 + -2 - 4).
1
-16 + (12 + -24 - -22)
-6
1 + (-3 + 4 - -2)
4
Calculate 1 + -1 + (-4 - (-1 + -2)).
-1
What is the value of -5 + -7 - -5 - (-6 + 2)?
-3
What is -7 - (-7 + (-4 - -5))?
-1
What is the value of -5 + (-1 - (-10 - 1)) - 2?
3
What is the value of (14 - (0 - -8)) + -5?
1
What is -6 + (1 - (0 + 1) - -5)?
-1
Calculate (4 - 7) + -7 + 11.
1
What is 1 + -1 - (1 + -3)?
2
Calculate 3 + 1 + -3 + -1.
0
What is 6 - (-2 + 4 - 8 - -13)?
-1
Calculate (-9 + 1 - -3) + 11 + -1.
5
Evaluate 1 - (-10 - (8 + -14 + 4)).
9
Calculate -3 - (-4 - (0 + -2)) - 3.
-4
What is the value of 0 + (2 - -1 - 0) - 0?
3
12 + -3 + 1 + 9 + -13
6
-2 + -2 + 2 + -3
-5
What is (1 + (-4 - -3) - -2) + -2?
0
What is 15 + (2 - 1) + -9?
7
What is the value of 4 + -7 + -3 - -7?
1
Calculate (-11 - (-10 - -2)) + 8.
5
Evaluate 11 - ((8 - 14) + 14).
3
What is the value of 3 + (-6 - 6) - -2?
-7
What is the value of -9 - (11 + -29) - 9?
0
Evaluate -6 - (2 + -5 + (9 - 3)).
-9
0 + (5 - 2) - (3 + 0)
0
What is (-1 - 0) + (71 - 84) - -7?
-7
Calculate -4 - ((6 - 4) + -6).
0
5 - 13 - (-7 + 3)
-4
(4 + -4 - -4) + -5 - -3
2
What is the value of (-9 - (-6 - -4)) + 2?
-5
Evaluate -39 - -34 - ((0 - 1) + -9).
5
Calculate -1 + -5 + 17 + (-5 - 1).
5
What is -29 - -31 - (3 + 1)?
-2
What is 12 - (11 + -4) - 3?
2
What is the value of -2 + (15 + -2 - (5 - 0))?
6
-6 + 11 - (0 - -4)
1
Evaluate -8 + 2 + (1 - 8) + 13.
0
(2 - -3 - 2) + 2
5
Evaluate (-12 - (-5 - -8 - 9)) + 5.
-1
What is 5 + -5 + (-1 - -8)?
7
What is (1 - -6) + -6 + -2?
-1
Evaluate (78 - 81) + 0 + 1 + 0.
-2
Evaluate 18 + 1 + -10 - 15.
-6
Calculate -3 - 1 - (6 + -5).
-5
What is the value of -13 - -14 - (-3 - -10)?
-6
What is the value of 43 + -35 + 0 + -12?
-4
0 - (-1 + (4 - -2))
-5
Calculate 3 + (-3 + -6 - (0 - 3)).
-3
Evaluate -2 - (-5 + 1 + 0).
2
(-10 - (0 - 8)) + 4 + -10
-8
Calculate (4 - 1) + -2 + 1.
2
Evaluate (2 - 6 - 1) + 10.
5
Calculate 4 + -2 + -6 + -6 + 18.
8
Evaluate -4 + 0 - (12 - (-5 + 22)).
1
10 - (5 + 6 + -10)
9
What is the value of 0 + 1 + (-8 - -6)?
-1
Evaluate -1 + 1 - 0 - (-18 + 15).
3
Calculate -7 + 19 + (5 - 18 - -6).
5
Evaluate 1 + (4 - 1) + -2.
2
Evaluate (15 - 18) + 0 + 5 - 9.
-7
Evaluate 4 - -2 - 2 - 11.
-7
What is -1 - 3 - (11 - 12)?
-3
What is the value of 3 - (3 + 0 + 2)?
-2
What is the value of (0 - 2) + -2 - -6?
2
Evaluate (-3 - 0 - -2) + 2 + 3.
4
Calculate (-1 - (1 - 4)) + (2 - 0).
4
Evaluate 5 + 4 - 12 - -10.
7
Calculate -5 + 1 + (-16 - -18).
-2
What is -14 - (2 + -14 + 5 + 0)?
-7
0 - 9 - -6 - (2 + -2)
-3
Evaluate (-7 - (-5 + -1)) + -3.
-4
What is the value of -14 + 14 - (1 - 1)?
0
What is the value of -12 + 21 + 3 - 2?
10
What is the value of -2 + (1 - 0) - -6 - 4?
1
What is -6 - -1 - (5 + (-7 - 1))?
-2
What is 12 + -12 + -6 + 3?
-3
0 + 7 - (-22 - -29)
0
1 + -13 + 4 + 4 - 5
-9
What is 0 + -5 + 55 + -49?
1
Calculate -2 + -4 - (6 + -7).
-5
Calculate -8 + (-4 - -12 - 6).
-6
What is the value of 10 - (8 + -4) - (-2 - -15)?
-7
What is 0 - (11 + 0 + 9 + -17)?
-3
What is the value of (-3 + -3 - -2) + 23 + -14?
5
Evaluate -7 + (14 - 0 - 0).
7
Evaluate (0 + -2 - -4) + (-4 - 0).
-2
What is the value of (-15 - 1) + 15 - 7?
-8
Calculate 47 - 40 - (0 + -1).
8
What is the value of 8 - (11 + -16 + 5)?
8
Evaluate 1 - (-7 + 3 - (2 + -3)).
4
What is the value of (-4 - -13) + -2 - -1?
8
Calculate 6 + -1 - (-17 + 21) - -4.
5
Evaluate -4 + (-1 + -2 - (-2 + -2)).
-3
Calculate 2 - (7 - (6 + -5)).
-4
Calculate -2 + 1 + -1 + 0.
-2
Calculate 0 - 12 - (90 - 110).
8
What is 9 + 1 + -19 - -3?
-6
What is 7 - (9 + 5 + -4)?
-3
What is the value of -1 - 2 - (0 - (4 + -2))?
-1
Calculate 3 + -1 + 0 - (-62 - -67).
-3
1 + (3 + -3 - 2)
-1
Evaluate 4 + -5 - (0 + -3) - 3.
-1
What is the value of 5 - (6 + -3 - -6)?
-4
-3 + 3 + 4 - (0 - -6)
-2
What is 2 - (7 - (5 - 0))?
0
Calculate -6 + (-13 - (-5 - 10)).
-4
1 - -1 - (10 + 0 + -3)
-5
What is the value of 2 - -3 - (6 + 2 + -6)?
3
What is (-11 - (-20 - -12)) + 8?
5
Calculate 2 + 2 + (-3 - 1) + 0.
0
Calculate -1 + 1 - (29 + -26) - -2.
-1
What is (-3 - (8 - 5) - -2) + 3?
-1
Calculate (1 - -5) + 11 + (-5 - 10).
2
Calculate 12 - 19 - (2 + (1 - 5)).
-5
What is the value of -5 + (5 - 11 - -5)?
-6
What is 1 + 4 - (23 - 18)?
0
Calculate (-3 - 0) + 4 + -5.
-4
Calculate (-1 - -6 - (2 + 1)) + -5.
-3
Evaluate -7 - 4 - (1 - (0 - -4)).
-8
7 + -5 + -2 - (5 - 1)
-4
Calculate 4 + (1 - -2) + -3 + 1.
5
What is the value of -12 + -6 + 9 + 5 - -2?
-2
(-5 - (-1 + -2)) + (1 - 2)
-3
Calculate 3 - (1 + -11 + 6).
7
(-6 + 1 - -4) + 1 + 1
1
Calculate -2 - (3 + (1 - 1) - 1).
-4
-9 - (-2 - -10 - 25)
8
Evaluate (-1 - -9 - 2) + -6.
0
24 - (21 - 11) - 5
9
What is the value of 4 - (2 - 0) - 3?
-1
Evaluate 3 + 3 + 1 + (-2 - 0).
5
What is (-61 - -60) + (3 - 1)?
1
What is 2 + (-5 + 11 - 7)?
1
(1 - (1 + 1)) + 2
1
What is the value of (-19 - -19) + (-1 - -4) - -1?
4
What is the value of 7 + -7 + 0 - 3?
-3
Calculate 1 + -6 - (-7 - -14 - 11).
-1
Calculate 6 + 5 + -16 - 1.
-6
What is (22 - (9 + 2)) + -11?
0
What is the value of (-2 - (-2 + 3)) + (3 - 0)?
0
What is -6 + (-9 - -10) + 2?
-3
-28 + 34 + (1 - 10)
-3
12 - (-1 + -3 - -7 - -3)
6
What is -1 - (-1 + (-1 - 4))?
5
What is -9 + (-4 - -6) - (12 - 16)?
-3
Calculate (0 - -8) + 212 + -230.
-10
What is -1 - (0 + 4 + -4 - 0)?
-1
What is the value o